*g - 7*p + 2*p + 30 = 0. Suppose g*b - 25 = 0, y - 5*y + 4*b + 64 = 0. Is y a prime number?
False
Is 1516 - 1 - 0 - (-20)/(-5) a prime number?
True
Suppose 5*i + 16 - 6 = 3*y, 0 = -5*i - 4*y - 45. Let b = i + 6. Is b/(-4) - (-616)/32 prime?
True
Suppose -24 = a - 5*a. Let x(n) = 2*n**2 + n**3 - a*n**2 - 8*n + 5 + n**2. Is x(5) a prime number?
False
Suppose -3*k + 1790 = 2*k. Is k composite?
True
Let b(l) = -30*l + 17. Is b(-22) prime?
True
Let v(a) = a**3 - 6*a**2 + 8*a - 6. Let o be v(5). Suppose -5*u = m - 118, 0*m - o = -3*m. Is u composite?
False
Let z(c) = 61*c - 1. Let j be z(5). Suppose f + 5*w - 23 = 0, 0 = -4*f + 6*w - 4*w + 4. Suppose -f*s = 31 - j. Is s prime?
False
Let b(w) = -7 - 18*w - 13*w + 3. Let g be b(-3). Is (1 + -2)/((-1)/g) prime?
True
Let j = -4563 - -7636. Is j composite?
True
Let g(o) = -18*o**2 - 13*o - 2. Let d(x) = -9*x**2 - 6*x - 1. Let i = -11 - 2. Let m(f) = i*d(f) + 6*g(f). Is m(2) a prime number?
True
Let r = 7 + -5. Let b(f) be the first derivative of f**4 - 2*f**3/3 - 3*f**2/2 + 3*f - 2. Is b(r) composite?
True
Suppose -9*l + 314 = -8*l. Is l a composite number?
True
Let t = -162 - 27. Let k = 106 - t. Is k a prime number?
False
Let g = -184 - -531. Is g composite?
False
Suppose -83 = 3*q + 4*b, b - 119 = 3*q - 4*b. Is 1 + 20/(-6)*q composite?
True
Suppose 325 = -4*a + 5*m, 60 = -2*a + a - 3*m. Let n = 133 + a. Is n a composite number?
True
Let k(s) = -4*s**2 - s. Let h be k(4). Let t = 47 - h. Is t a composite number?
True
Suppose -2*a - 3660 = -4*a - 5*j, 0 = -a + 2*j + 1839. Is a prime?
False
Suppose 0*p + 38 = s - 5*p, -197 = -4*s + 5*p. Is s a prime number?
True
Let z(i) be the first derivative of -i**4/4 + i**2/2 + 65*i + 1. Is z(0) composite?
True
Suppose 0 = 4*q - 483 - 873. Suppose -3*r - 6 = 0, -35 = 2*i + 5*r - q. Suppose -4*v = -3*v - i. Is v a prime number?
True
Let x = -86 - -121. Is x a composite number?
True
Let s(f) = -458*f**3 - f**2 + f - 1. Let x be s(-2). Let w = x + -1943. Suppose 2*b = -j - 2*b + 439, w = 4*j + 2*b. Is j a prime number?
False
Let g(m) = -m - 3. Let n be g(0). Is (-200)/n - (-2)/6 a prime number?
True
Suppose -6*r + 104 = -214. Is r a composite number?
False
Let z be 4/4*(0 + -6). Let o = 12 - z. Let w = o + -9. Is w a composite number?
True
Let r = -2 - -1. Let p(w) = -90*w**3 - 2*w**2 - 2*w - 1. Is p(r) a composite number?
False
Let t(l) be the first derivative of -13*l**4/4 - 2*l**3/3 - l**2/2 + l + 6. Is t(-3) prime?
True
Suppose 2*a = 7*a + 390. Let x(l) = -6*l**3 - 2*l**2 + 3*l - 3. Let j be x(2). Let t = j - a. Is t prime?
False
Suppose -1 = 3*i - 7. Suppose -6*s - i*y + 181 = -s, -3*s + 105 = 3*y. Is s a prime number?
True
Suppose 2 = -2*i - 0*i. Is (11 - -11) + i*1 a prime number?
False
Suppose -6*r = -r. Is 1*112 + r + -3 a prime number?
True
Let f = -1827 + 3226. Is f prime?
True
Suppose 5*r - 805 = -0*r. Suppose -4*x = r + 123. Let z = 158 + x. Is z prime?
False
Suppose -3*g + 13559 = 4*g. Is g composite?
True
Let x(z) = 4*z**2 + 3*z + 2. Let i be x(-1). Is (-26)/39 - (-635)/i composite?
False
Let n(d) = d**3 + 9*d**2 + 5*d - 8. Let z be n(-8). Is 4/(z/(-14))*-10 prime?
False
Suppose -4*z + m = -1353, 3*z + m + 336 = 4*z. Is z a prime number?
False
Suppose -216 + 2043 = 9*u. Is u a composite number?
True
Suppose -3*u - 4 = 3*r + 11, -4*r = -u - 5. Let q = u - -5. Suppose q = -y + 4*t + 65, 3*y + 2*t = 3*t + 173. Is y a prime number?
False
Let o(j) = -j**3 - 8*j**2 - 7*j + 3. Let y be o(-7). Suppose z + 445 = 3*g - 223, 2*g = -y*z + 449. Is g a composite number?
False
Let q = -18 + 51. Is q prime?
False
Let q be 4 - (3 - (2 + 0)). Suppose s - 1 - q = 0. Let f(k) = 55*k + 3. Is f(s) prime?
True
Suppose 3*n = -3*r + 2010, r - 1986 = -2*r + 5*n. Is r prime?
False
Let v(c) = 5*c**2 - 4*c + 1. Is v(-8) a prime number?
True
Let p = 42 - 26. Let i be (-2)/(-8) - (-44)/p. Suppose 2*q = -i*q + 185. Is q a composite number?
False
Suppose 2*s + 6 = 5*s. Suppose 105 + 113 = s*q. Is q composite?
False
Suppose -12383 = -6*b + 6835. Is b composite?
False
Let m be 9/(-12)*(-7 - -3). Let f(l) = -2*l**3 + l + 2. Let v be f(m). Let g = v - -87. Is g composite?
True
Let f(g) = 9*g**3 - 2*g**2 - 4. Let c be f(-3). Is (6/10)/((-1)/c) a composite number?
True
Let y(n) = -6 - n**2 + 0 + n + 4 + 5*n**2. Is y(3) a prime number?
True
Let l = -3 - -3. Suppose l = m + m - 66. Is m a prime number?
False
Let j = -274 + 446. Let i = 135 + j. Is i prime?
True
Suppose -7*d + 286 = -5*d. Is d prime?
False
Let g = -89 + 133. Suppose c = -c + g. Suppose -3*k + c = 4*v, 0 = k + k - 2*v - 38. Is k prime?
False
Let v(z) = -11*z**3 + 8*z**2 + z - 5. Let l(k) = 23*k**3 - 15*k**2 - 2*k + 9. Let n(g) = -6*l(g) - 11*v(g). Is n(-2) a prime number?
False
Let x = 1881 + -926. Is x prime?
False
Let y = -96 + 180. Suppose -4*v + v = -6. Suppose 0 = -2*i - 2*x - 0*x + 90, 5*x - y = -v*i. Is i composite?
False
Let i(s) be the second derivative of 16*s**3/3 - 9*s**2/2 - 5*s. Is i(4) a prime number?
False
Let b(g) = -811*g + 5. Let w(r) = -162*r + 1. Let h(z) = -2*b(z) + 11*w(z). Is h(-4) a composite number?
False
Let f(d) = d**3 - 5*d**2. Let c be f(5). Suppose 0*x + x - 19 = c. Is x a prime number?
True
Let c be (2/2)/(1/6). Suppose -2*u - c = 0, 5*o + 3*u - 6395 = -1809. Is 2/(-7) + o/7 a composite number?
False
Let m = 2015 + -946. Is m a prime number?
True
Suppose -2*t + 3*g + 16 = 0, -3*g + 19 = 5*t - 0. Let a = t + 2. Is -3*a*2/(-6) composite?
False
Let o(c) = 38*c**2 + 7*c - 1. Is o(4) a composite number?
True
Suppose -5*l + g + 331 = -94, 0 = 4*g + 20. Suppose -4*n = 108 + 76. Let f = l + n. Is f a composite number?
True
Let q(d) = 6*d**2 + 2*d + 1. Let j be q(-1). Suppose 2*n - 3 = -2*c + 3*n, 0 = -4*n - 12. Suppose j*b - 5*x = 0, -2*b + c*x + 3*x - 4 = 0. Is b prime?
False
Let x = 12 - 16. Let g be (-14)/(-6) - (-2)/(-6). Is -1*86/x*g a composite number?
False
Suppose -d + 35 = -2. Is d composite?
False
Suppose 5*c = -4*i + 8, -5*i = 3*c + 2*c - 5. Suppose -8*f = 5*x - 3*f - 1025, 0 = 5*x - c*f - 1025. Is x composite?
True
Let c be (4 - (3 - 2)) + -1. Suppose z = 227 - 94. Suppose 3*m - 5*q - z = -q, c*m - 92 = q. Is m a composite number?
False
Suppose 5 = -5*u - 10, -u = 4*z - 457. Is z composite?
True
Let x be 10*3/6 - 0. Suppose x*l = 4*u + 165, 5*u + 9 = 2*l - 57. Is l a prime number?
False
Let m = -33 - -86. Is m a prime number?
True
Let z be 4*-1 + (-4)/4. Let c(d) = -7*d - 4. Is c(z) composite?
False
Suppose 14*b = 19*b. Suppose 0 = -d - h + 7, -3*h - h = -3*d + 14. Suppose b = 2*z - d*z + 92. Is z a composite number?
False
Suppose 6*p = 3*p + 9. Is 0 + 125 + -1 + p a composite number?
False
Let v = -35 - -68. Let z = 118 - v. Is z prime?
False
Let b(q) = 52*q**2 - 8*q - 6. Let s be b(-6). Suppose -6*y + 0*y + s = 0. Is y a prime number?
False
Let c(v) = v**3 + 2*v**2 - 2*v + 3. Let u be c(3). Suppose -u = -l - r + 12, 3*r = 15. Is l a prime number?
False
Let s = -167 + 42. Let m = s + 218. Is m a prime number?
False
Suppose 3*m = 2 + 10. Suppose 3*v = -6, m*t - 2*v = v + 826. Is t prime?
False
Let p = 1684 - 27. Is p composite?
False
Let d = -6 - -10. Suppose -d*c + 14 = 6. Suppose 6*x + 5*k - 126 = 4*x, -4*x - c*k = -220. Is x prime?
True
Let t(c) = 3*c**2 - 5*c - 2. Let i be ((-9)/(-3) + -1)*2. Is t(i) a composite number?
True
Suppose -3070 = -7*i + 2*i. Is i prime?
False
Let l = 211 + 160. Is l prime?
False
Let f(u) = -543*u**3 + 4*u**2 - 2*u - 8. Is f(-3) a composite number?
True
Suppose 0 = 3*i + 5*i - 7672. Is i prime?
False
Let g(z) = 3*z**3 - z**2 + z - 2. Suppose -4 = -5*q - 14. Let l be g(q). Let i = l + 67. Is i a prime number?
False
Let c = 4 - -12. Suppose a = c + 37. Is a composite?
False
Suppose j = -2*j + 6. Suppose -h + 2*v = -v - 30, -j*h - 2*v = -60. Suppose 2*n - 4*n + h = 0. Is n composite?
True
Suppose 3*a = -4*v + 649, -3*a - 154 = -v - a. Suppose 4*n - v = -20. Is n prime?
False
Let l = -11 + 15. Suppose -s + 0*s = -l. Is s composite?
True
Suppose -3*c - 618 = -5*c. Is c prime?
False
Let f be (58/8)/(3/(-12)). Let v = -1 - f. Let r = 50 - v. Is r a prime number?
False
Suppose -v - 191 = -2*v. Is v a composite number?
False
Let l(y) = y**2 + 12*y + 11. Let a be l(-11). Let i = 7 - 3. Suppose -2*n = -i*r - a*n + 374, 3*r + 5*n = 248. Is r prime?
False
Suppose 5*a - 3*